 10, what is -2 - -190259341?
190259339
In base 3, what is 201012111012 + -11?
201012111001
In base 11, what is -6231 - 1445a?
-1a690
In base 2, what is 1 - 111011011101001110001?
-111011011101001110000
In base 11, what is -632491 - 4?
-632495
In base 2, what is 1 - -10110110110111010001111001?
10110110110111010001111010
In base 12, what is -1a28 + a955?
8b29
In base 6, what is 2443 + -450115?
-443232
In base 8, what is 501 + -122746?
-122245
In base 8, what is 151 + -13367654?
-13367503
In base 5, what is -4 + 11144044020?
11144044011
In base 2, what is -10101 + 1111111110101010111?
1111111110101000010
In base 2, what is -100110010101100101010 - 101?
-100110010101100101111
In base 14, what is -1b6116 - -1?
-1b6115
In base 13, what is 114cb + 233?
11731
In base 7, what is 146000506 + -40?
146000436
In base 4, what is -11 - -3230321321?
3230321310
In base 10, what is -54 - 6609839?
-6609893
In base 2, what is -1000101111 + 110101111011110?
110100110101111
In base 2, what is -10100000011110110 - 110011?
-10100000100101001
In base 2, what is -1010010110110000101 + 11101011?
-1010010110010011010
In base 8, what is 7100 + 11672?
20772
In base 13, what is 2 + -401c12?
-401c10
In base 6, what is 45031 + -23420?
21211
In base 16, what is 2 + -6550b1?
-6550af
In base 8, what is -4 - 4427700?
-4427704
In base 12, what is -60 - 94145b?
-9414bb
In base 10, what is -8960168 + -27?
-8960195
In base 5, what is -1340120040014 + -2?
-1340120040021
In base 12, what is -3b0b085b7 + 2?
-3b0b085b5
In base 11, what is -5 + 134a26?
134a21
In base 5, what is 24214121 - -121?
24214242
In base 3, what is 220122010101120 - 21?
220122010101022
In base 11, what is 53963a + a?
539649
In base 2, what is 110101111000 + -1010110110011001?
-1010000000100001
In base 4, what is 0 + 301212012202?
301212012202
In base 5, what is -24333 - -32320044?
32240211
In base 3, what is -1112121222100 + -210122?
-1112122202222
In base 11, what is -2342195 - -2?
-2342193
In base 3, what is -2120202020112 - -101112?
-2120201212000
In base 9, what is 314647 + -33?
314614
In base 7, what is 1351 - -1506243?
1510624
In base 15, what is -1 + 34b765?
34b764
In base 5, what is 22333 + -10331431?
-10304043
In base 12, what is -6b + -208a06?
-208a75
In base 14, what is 27 + -68064?
-6803b
In base 3, what is 2211 - -1100111111220?
1100111121201
In base 7, what is -32150501554 - 2?
-32150501556
In base 8, what is -45 + 124606?
124541
In base 2, what is 111 + 1000010111010001001010000?
1000010111010001001010111
In base 13, what is 1c42386 - -3?
1c42389
In base 4, what is 1302012010323 - -1?
1302012010330
In base 7, what is -62554 + 1506?
-61045
In base 9, what is 124 - 4645727?
-4645603
In base 14, what is -62dd - -24b?
-6092
In base 2, what is -110101101111011010100 + 100?
-110101101111011010000
In base 4, what is 1102 + -301030223?
-301023121
In base 6, what is -5353003 + 525?
-5352034
In base 4, what is -11120113203 + 1?
-11120113202
In base 15, what is -16a3d810 - -4?
-16a3d80b
In base 16, what is -238 - 1f2ffa?
-1f3232
In base 4, what is -10231023032020 - -1?
-10231023032013
In base 15, what is -9 + -7e640ca?
-7e640d4
In base 10, what is 2 + -732070?
-732068
In base 2, what is -1100000011110000001010 + -1000000111?
-1100000011111000010001
In base 12, what is -24 + 2723b5?
272391
In base 11, what is -276781a81 + 0?
-276781a81
In base 16, what is -14a - -30a01?
308b7
In base 3, what is 12222200211 - -2200?
12222210111
In base 14, what is 151b - -c838?
dd55
In base 16, what is 465 + -2da9?
-2944
In base 4, what is -3102 + 1112000?
1102232
In base 8, what is -272506 + -110?
-272616
In base 6, what is -2 + 104143043?
104143041
In base 14, what is -1b0bbc - -2?
-1b0bba
In base 14, what is -2 + 16c828a6?
16c828a4
In base 3, what is 1212011122 + 10020?
1212021212
In base 13, what is 301b26 - 3?
301b23
In base 10, what is -34 + 1042123?
1042089
In base 5, what is 3412030 - 32031?
3324444
In base 11, what is 41295809 + -4?
41295805
In base 15, what is -e29 - -3c77?
2d4d
In base 5, what is 30 + -3421224003?
-3421223423
In base 3, what is -11122120221002120 - -12?
-11122120221002101
In base 2, what is -1010001110100001111 + 100000111?
-1010001110000001000
In base 9, what is 15774157 + 1?
15774158
In base 5, what is -343043440210 - 0?
-343043440210
In base 16, what is 4568 - -e14?
537c
In base 9, what is -126 + -70662?
-70788
In base 6, what is -25303241 + -554?
-25304235
In base 11, what is 4501 + -1233a?
-8939
In base 6, what is -1433241 - -145?
-1433052
In base 16, what is 2 + 9ea66a?
9ea66c
In base 10, what is -4 - -14143618?
14143614
In base 9, what is -10812 + -788?
-11711
In base 3, what is 1011212110 + -12?
1011212021
In base 16, what is f3 + 3f08?
3ffb
In base 7, what is 40066033 - -10?
40066043
In base 12, what is -477bb2 - -43?
-477b6b
In base 8, what is -2 - 151325646?
-151325650
In base 14, what is 4 - 111a0941?
-111a093b
In base 10, what is 3377861 - 6?
3377855
In base 2, what is 100110110010011110 + 10101001?
100110110101000111
In base 9, what is -16 + 123806857?
123806841
In base 7, what is 4 - -23230650?
23230654
In base 6, what is -15 - 100551325?
-100551344
In base 16, what is -4c5d82 + 5?
-4c5d7d
In base 14, what is 5 + -d179890?
-d179889
In base 5, what is -4131012 - 32443?
-4214010
In base 10, what is -11566508 + 120?
-11566388
In base 13, what is -2a0c - 27?
-2a36
In base 13, what is -2171 + -7396?
-9537
In base 14, what is -3 + -381866?
-381869
In base 2, what is 1000110110110111000010101 + -10?
1000110110110111000010011
In base 15, what is -87 + 238d?
2306
In base 14, what is 1581 - cbcdc?
-ca75b
In base 16, what is 6 + 4296e2?
4296e8
In base 14, what is -1 + -13829504?
-13829505
In base 7, what is -6414 - -5106?
-1305
In base 16, what is 12d952e3 + 0?
12d952e3
In base 5, what is -1130411213 + -43?
-1130411311
In base 13, what is 10687 + 2b0?
10967
In base 9, what is 11 - 3178434?
-3178423
In base 8, what is -104277 + -112?
-104411
In base 10, what is -1585410 + -104?
-1585514
In base 7, what is -63 - -2242206?
2242113
In base 2, what is -110111011001000010111010 + -1?
-110111011001000010111011
In base 12, what is -151035743 + 1?
-151035742
In base 8, what is -1 + -515434171?
-515434172
In base 16, what is 0 - -189cd4?
189cd4
In base 8, what is 7523202 + 1?
7523203
In base 16, what is -1dd141 - -a?
-1dd137
In base 4, what is -22 + 1120330?
1120302
In base 8, what is -14 - -1313236?
1313222
In base 16, what is -1aca37 - -e?
-1aca29
In base 16, what is -1c0e43 + 34?
-1c0e0f
In base 10, what is -647998 + -28?
-648026
In base 16, what is 138d4507 + -3?
138d4504
In base 4, what is 3 + 203133101013?
203133101022
In base 14, what is -29 - 3b13c?
-3b167
In base 3, what is 2120122 - 111220200111?
-111211002212
In base 12, what is -18 - -197923?
197907
In base 15, what is 17a72 - 3e?
17a33
In base 6, what is 2141 + 5254331?
5300512
In base 4, what is 1300332322 - -30?
1300333012
In base 3, what is -121121 + -102202211?
-110101102
In base 6, what is 0 - -15355004553?
15355004553
In base 16, what is -d44e8 - 214?
-d46fc
In base 9, what is 7583 + -236?
7346
In base 4, what is 22120210 - 3020?
22111130
In base 5, what is -2412 - -3410101?
3402134
In base 4, what is -10 + -13230003123?
-13230003133
In base 8, what is -60457 - 276?
-60755
In base 7, what is 51431 + 614?
52345
In base 4, what is -1 + -22302011113?
-22302011120
In base 10, what is 422866 + 439?
423305
In base 5, what is -104021320243 + 4?
-104021320234
In base 11, what is -3007570 + -7?
-3007577
In base 15, what is -26a5e6 - 1?
-26a5e7
In base 14, what is 16 - -2a28?
2a40
In base 12, what is 9 - -10371680?
10371689
In base 13, what is 18b91c8 - 0?
18b91c8
In base 14, what is aa5 - 37363?
-3669c
In base 10, what is -780 - -215406?
214626
In base 15, what is -1be8 - ac9?
-27c2
In base 7, what is -4 + 1223412030?
1223412023
In base 10, what is 5972443 - 4?
5972439
In base 10, what is -5 - -1649334?
1649329
In base 8, what is 4 + -365520763?
-365520757
In base 16, what is -5a111 + -6?
-5a117
In base 3, what is -11020022101 - -1002012120?
-10011002211
In base 15, what is -2 + 31163d?
31163b
In base 5, what is -1 - 2113000411?
-2113000412
In base 2, what is 110000011111 + 11111001100?
1001111101011
In base 13, what is 945a04 + 3c?
945a43
I